{"id":196,"date":"2019-01-01T17:10:11","date_gmt":"2019-01-01T16:10:11","guid":{"rendered":"https:\/\/aiguillestraildesneiges.fr\/?page_id=196"},"modified":"2022-02-22T16:55:10","modified_gmt":"2022-02-22T15:55:10","slug":"se-loger","status":"publish","type":"page","link":"https:\/\/aiguillestraildesneiges.fr\/?page_id=196","title":{"rendered":"Se Loger"},"content":{"rendered":"\n<p class=\"has-text-align-center\">Notre \u00e9quipe s&rsquo;affole pour vous trouver les meilleurs logement de la r\u00e9gion! <\/p>\n\n\n<h4 style=\"text-align: center;\"><span style=\"color: #ff0000;\"><a style=\"color: #ff0000;\" href=\"https:\/\/aiguillestraildesneiges.fr\/logements-dans-la-station\/\">Logements dans la station<\/a><\/span><\/h4>\n<h4 class=\"entry-title\" style=\"text-align: center;\"><span style=\"color: #ff0000;\"><a style=\"color: #ff0000;\" href=\"https:\/\/aiguillestraildesneiges.fr\/camping-de-reallon\/\">Camping de R\u00e9allon <\/a><\/span><\/h4>","protected":false},"excerpt":{"rendered":"<p>Notre \u00e9quipe s&rsquo;affole pour vous trouver les meilleurs logement de la r\u00e9gion! Logements dans la station Camping de R\u00e9allon<\/p>\n","protected":false},"author":2,"featured_media":0,"parent":0,"menu_order":0,"comment_status":"closed","ping_status":"closed","template":"","meta":{"footnotes":""},"class_list":["post-196","page","type-page","status-publish","hentry"],"_links":{"self":[{"href":"https:\/\/aiguillestraildesneiges.fr\/index.php?rest_route=\/wp\/v2\/pages\/196","targetHints":{"allow":["GET"]}}],"collection":[{"href":"https:\/\/aiguillestraildesneiges.fr\/index.php?rest_route=\/wp\/v2\/pages"}],"about":[{"href":"https:\/\/aiguillestraildesneiges.fr\/index.php?rest_route=\/wp\/v2\/types\/page"}],"author":[{"embeddable":true,"href":"https:\/\/aiguillestraildesneiges.fr\/index.php?rest_route=\/wp\/v2\/users\/2"}],"replies":[{"embeddable":true,"href":"https:\/\/aiguillestraildesneiges.fr\/index.php?rest_route=%2Fwp%2Fv2%2Fcomments&post=196"}],"version-history":[{"count":0,"href":"https:\/\/aiguillestraildesneiges.fr\/index.php?rest_route=\/wp\/v2\/pages\/196\/revisions"}],"wp:attachment":[{"href":"https:\/\/aiguillestraildesneiges.fr\/index.php?rest_route=%2Fwp%2Fv2%2Fmedia&parent=196"}],"curies":[{"name":"wp","href":"https:\/\/api.w.org\/{rel}","templated":true}]}}

<p class="has-text-align-center">Notre équipe s&rsquo;affole pour vous trouver les meilleurs logement de la région! </p>


<h4 style="text-align: center;"><span style="color: #ff0000;"><a style="color: #ff0000;" href="https://aiguillestraildesneiges.fr/logements-dans-la-station/">Logements dans la station</a></span></h4>
<h4 class="entry-title" style="text-align: center;"><span style="color: #ff0000;"><a style="color: #ff0000;" href="https://aiguillestraildesneiges.fr/camping-de-reallon/">Camping de Réallon </a></span></h4>

<p>Notre équipe s&rsquo;affole pour vous trouver les meilleurs logement de la région! Logements dans la station Camping de Réallon</p>
