{"id":194,"date":"2019-01-01T17:09:13","date_gmt":"2019-01-01T16:09:13","guid":{"rendered":"https:\/\/aiguillestraildesneiges.fr\/?page_id=194"},"modified":"2024-10-18T15:06:55","modified_gmt":"2024-10-18T14:06:55","slug":"reglement","status":"publish","type":"page","link":"https:\/\/aiguillestraildesneiges.fr\/?page_id=194","title":{"rendered":"R\u00e8glement"},"content":{"rendered":"\n<p>\u00a0<\/p>\n<p><span style=\"font-weight: 400;\">Art 1 : ORGANISATEUR :<\/span><\/p>\n<p><span style=\"font-weight: 400;\">\u00a0L\u2019association Wos-events, organise le samedi 1 Mars 2025 la cinqui\u00e8me \u00e9dition de L\u2019aiguilles Trail des neiges<\/span><\/p>\n<p><span style=\"font-weight: 400;\">Art 2 : CONDITIONS D\u2019ADMISSION\u00a0<\/span><\/p>\n<p><span style=\"font-weight: 400;\">Les cat\u00e9gories :\u00a0<\/span><\/p>\n<p><span style=\"font-weight: 400;\">\u2013 Pour le trail \u201cParcours de la Vauclusette \u00bb : ouvert \u00e0 tous hommes et femmes, licenci\u00e9s ou non, \u00e2g\u00e9s d\u2019au moins 16 ans\u00a0 <\/span><a href=\"https:\/\/www.athle.fr\/asp.net\/main.html\/html.aspx?htmlid=25\"><span style=\"font-weight: 400;\">(Selon la cat\u00e9gorie Cadet de la FFA)\u00a0<\/span><\/a><\/p>\n<p><span style=\"font-weight: 400;\">\u2013 Pour le trail \u00ab parcours du Vaucluse \u00bb : Ouvert \u00e0 tous hommes et femmes, licenci\u00e9s ou non, \u00e2g\u00e9s d\u2019au moins 16 ans\u00a0 <\/span><a href=\"https:\/\/www.athle.fr\/asp.net\/main.html\/html.aspx?htmlid=25\"><span style=\"font-weight: 400;\">(Selon la cat\u00e9gorie Cadet de la FFA)<\/span><\/a><span style=\"font-weight: 400;\">\u00a0<\/span><\/p>\n<p><span style=\"font-weight: 400;\">Conform\u00e9ment \u00e0 la loi du 23 mars 1999, les inscriptions ne seront enregistr\u00e9es que si elles sont accompagn\u00e9es d\u2019une photocopie de licence sportive en cours de validit\u00e9 \u00e0 la date de l\u2019\u00e9preuve FFA, avec la mention\u00a0 \u00ab Athl\u00e9tisme\u00a0 \u00bb et pour les non licenci\u00e9s un certificat m\u00e9dical de non contre indication \u00e0 la pratique de la course \u00e0 pied en comp\u00e9tition datant de moins de 1 an ou sa photocopie. Pour les inscriptions sur place, pr\u00e9sentation d\u2019une licence sportive FFA ou d\u2019un certificat m\u00e9dical attestant de non contre indication \u00e0 la pratique de la course \u00e0 pied en comp\u00e9tition datant de moins de 1 an ou sa photocopie (Articles L.231-2 et L.231-3 du code des sports) devra \u00eatre fournie et ce dernier sera conserv\u00e9 par l\u2019organisateur en tant que justificatif en cas d\u2019accident. En l\u2019absence d\u2019un de ces documents aucune inscription ne sera possible.\u00a0<\/span><\/p>\n<p><span style=\"font-weight: 400;\">\u00a0<\/span><\/p>\n<p><span style=\"font-weight: 400;\">Art 3 : INSCRIPTIONS : pour les inscriptions en ligne, la licence (ou le certificat m\u00e9dical et le PPS) est t\u00e9l\u00e9chargeable.<\/span><\/p>\n<p><span style=\"font-weight: 400;\">\u00a0\u2013 Par internet sur le site de l&rsquo;\u00e9v\u00e9nement des inscriptions en ligne \u00e0 partir du 1 Novembre\u00a0 jusqu\u2019au vendredi 28 F\u00e9vrier 2025 \u00e0 midi.\u00a0<\/span><\/p>\n<p><span style=\"font-weight: 400;\">A NOTER\u200b : En fonction des dossards restant disponibles, possibilit\u00e9 de s\u2019inscrire sur place le jour de l\u2019\u00e9preuve :\u00a0\u00a0\u00a0\u00a0<\/span><\/p>\n<p><span style=\"font-weight: 400;\">\u2013 Le samedi pour tous les parcours : jusqu\u2019\u00e0 30 min avant le d\u00e9part de chaque course.\u00a0<\/span><\/p>\n<p><span style=\"font-weight: 400;\">Limitation des dossards :\u00a0<\/span><\/p>\n<ul>\n<li style=\"font-weight: 400;\" aria-level=\"1\"><span style=\"font-weight: 400;\">Parcours de la Vauclusette : Limite \u00e0 120 dossards\u00a0<\/span><\/li>\n<li style=\"font-weight: 400;\" aria-level=\"1\"><span style=\"font-weight: 400;\">Parcours de Vaucluse : limite \u00e0 120 dossards<\/span><\/li>\n<\/ul>\n<p><span style=\"font-weight: 400;\">\u00a0<\/span><\/p>\n<p><span style=\"font-weight: 400;\">Samedi 1 Mars 2025 :\u00a0<\/span><\/p>\n<ul>\n<li style=\"font-weight: 400;\" aria-level=\"1\"><span style=\"font-weight: 400;\">Droits d\u2019inscription du parcours de la Vauclusette : Avant le 8 Janvier\u00a0 2025 minuit : 9\u20ac ; Du 9 Janvier au 5 F\u00e9vrier : 11\u20ac ; Du 6 F\u00e9vrier au 28 F\u00e9vrier midi : 13\u20ac ; Sur place 15\u20ac.\u00a0<\/span><\/li>\n<li style=\"font-weight: 400;\" aria-level=\"1\"><span style=\"font-weight: 400;\">Droit d\u2019inscription parcours de Vaucluse : Avant le 8 Janvier\u00a0 2025 minuit : 13\u20ac ; Du 9 Janvier au 5 F\u00e9vrier : 15\u20ac ; Du 6 F\u00e9vrier au 28 F\u00e9vrier midi : 17\u20ac ; Sur place 20\u20ac.\u00a0\u00a0<\/span><\/li>\n<li style=\"font-weight: 400;\" aria-level=\"1\"><span style=\"font-weight: 400;\">Croziflette coureur 12\u20ac<\/span><\/li>\n<li style=\"font-weight: 400;\" aria-level=\"1\"><span style=\"font-weight: 400;\">Croziflette accompagnateur 13\u20ac\u00a0<\/span><\/li>\n<\/ul>\n<p><span style=\"font-weight: 400;\">Art 4 : LES PARCOURS de L\u2019Aiguilles Trail des neiges comprend 2 \u200bparcours :<\/span><\/p>\n<p><span style=\"font-weight: 400;\">Samedi 1 Mars 2025:\u00a0<\/span><\/p>\n<ul>\n<li style=\"font-weight: 400;\" aria-level=\"1\"><span style=\"font-weight: 400;\">PARCOURS de la Vauclusette : 9km et 350D+ et 350D-<\/span><\/li>\n<li style=\"font-weight: 400;\" aria-level=\"1\"><span style=\"font-weight: 400;\">PARCOURS du Vaucluse : 15km avec 700m D+\u00a0<\/span><\/li>\n<\/ul>\n<p><span style=\"font-weight: 400;\">\u00a0<\/span><\/p>\n<p><span style=\"font-weight: 400;\">Art 5 : RETRAIT DES DOSSARDS Retrait des dossards :\u00a0<\/span><\/p>\n<ul>\n<li style=\"font-weight: 400;\" aria-level=\"1\"><span style=\"font-weight: 400;\">Samedi 1 Mars 2025 : 10h-12h : Remise des dossards pour l\u2019ensemble des courses du samedi au Decathlon GAP.\u00a0<\/span><\/li>\n<\/ul>\n<p><span style=\"font-weight: 400;\">\u00a016h-18h : Remise des dossards pour l\u2019ensemble des courses du Samedi\/ Salle de repos (Sous l\u2019office de tourisme de R\u00e9allon), Jusqu\u2019\u00e0 30 min avant le d\u00e9part des courses. <\/span><span style=\"font-weight: 400;\"><br \/><br \/><\/span><\/p>\n<p><span style=\"font-weight: 400;\">Art 6 : ASSISTANCE\u00a0<\/span><\/p>\n<p><span style=\"font-weight: 400;\">En cas d\u2019abandon, obligation de le signaler \u00e0 l\u2019organisation. Des postes de ravitaillement, contr\u00f4le et s\u00e9curit\u00e9 seront install\u00e9s le long du parcours, voir leur implantation sur les trac\u00e9s des diff\u00e9rents parcours<\/span><\/p>\n<p><span style=\"font-weight: 400;\">\u00a0<\/span><\/p>\n<p><span style=\"font-weight: 400;\">Art 7 : BARRI\u00c8RES HORAIRES :\u00a0<\/span><\/p>\n<p><span style=\"font-weight: 400;\">Aucunes barri\u00e8res horaires<\/span><\/p>\n<p><span style=\"font-weight: 400;\">\u00a0<\/span><\/p>\n<p><span style=\"font-weight: 400;\">Art 8 : S\u00c9CURIT\u00c9 :\u00a0<\/span><\/p>\n<p><span style=\"font-weight: 400;\">Il est interdit de suivre les coureurs avec un v\u00e9hicule motoris\u00e9 ou non. Parcours balis\u00e9 et fl\u00e9chage au sol, chaussures \u00e0 pointes interdites. Postes de secours : plusieurs postes de secours sur le parcours.\u00a0 Des secouristes de la croix rouge en liaison avec le smur seront pr\u00e9sents sur les parcours.\u00a0<\/span><\/p>\n<p><span style=\"font-weight: 400;\">\u00a0<\/span><\/p>\n<p><span style=\"font-weight: 400;\">\u00a0<\/span><\/p>\n<p><span style=\"font-weight: 400;\">\u00a0<\/span><\/p>\n<p><span style=\"font-weight: 400;\">Art 9 : \u00c9QUIPEMENTS OBLIGATOIRES et CONSEILLER :\u00a0<\/span><\/p>\n<p><span style=\"font-weight: 400;\">\u00c9quipements obligatoires pour les deux trails: Des contr\u00f4les inopin\u00e9s seront effectu\u00e9s sur le parcours.<\/span><\/p>\n<ul>\n<li style=\"font-weight: 400;\" aria-level=\"1\"><span style=\"font-weight: 400;\">R\u00e9serve alimentaire (au minimum 2 barres \u00e9nerg\u00e9tiques ou \u00e9quivalent)<\/span><\/li>\n<li style=\"font-weight: 400;\" aria-level=\"1\"><span style=\"font-weight: 400;\">R\u00e9serve d\u2019eau d\u2019au moins 1 litre<\/span><\/li>\n<li style=\"font-weight: 400;\" aria-level=\"1\"><span style=\"font-weight: 400;\">Veste de pluie<\/span><\/li>\n<li style=\"font-weight: 400;\" aria-level=\"1\"><span style=\"font-weight: 400;\">Gants<\/span><\/li>\n<li style=\"font-weight: 400;\" aria-level=\"1\"><span style=\"font-weight: 400;\">Bonnet<\/span><\/li>\n<li style=\"font-weight: 400;\" aria-level=\"1\"><span style=\"font-weight: 400;\">Lampe frontale<\/span><\/li>\n<li style=\"font-weight: 400;\" aria-level=\"1\"><span style=\"font-weight: 400;\">Sifflet\u00a0<\/span><\/li>\n<li style=\"font-weight: 400;\" aria-level=\"1\"><span style=\"font-weight: 400;\">T\u00e9l\u00e9phone portable charg\u00e9<\/span><\/li>\n<\/ul>\n<p><span style=\"font-weight: 400;\"><br \/><br \/><\/span><\/p>\n<p><span style=\"font-weight: 400;\">\u00a0Art 9 bis : \u00c9quipements recommand\u00e9s \u00c9quipements recommand\u00e9s pour toutes les courses :\u00a0<\/span><\/p>\n<ul>\n<li style=\"font-weight: 400;\" aria-level=\"1\"><span style=\"font-weight: 400;\">Chaussures avec une bonne accroche pour la neige<\/span><\/li>\n<li style=\"font-weight: 400;\" aria-level=\"1\"><span style=\"font-weight: 400;\">V\u00eatements chaud thermique<\/span><\/li>\n<\/ul>\n<p><span style=\"font-weight: 400;\">\u00a0Attention : L\u2019assistance des coureurs est autoris\u00e9e uniquement dans les zones identifi\u00e9es pr\u00e9vues \u00e0 cet effet \u00e0 la sortie des ravitaillements.<\/span><\/p>\n<p><span style=\"font-weight: 400;\">\u00a0<\/span><\/p>\n<p><span style=\"font-weight: 400;\">Art 10 : METEO\/MODIFICATION DU PARCOURS :\u00a0<\/span><\/p>\n<p><span style=\"font-weight: 400;\">En pr\u00e9sence de conditions m\u00e9t\u00e9orologiques ou nivologiques d\u00e9favorables ou autres, l\u2019organisation se r\u00e9serve le droit de modifier l\u2019\u00e9preuve et ce m\u00eame en cours d\u2019\u00e9preuve, les frais d\u2019engagements restant acquis \u00e0 l\u2019organisation.\u00a0<\/span><\/p>\n<p><span style=\"font-weight: 400;\">\u00a0<\/span><\/p>\n<p><span style=\"font-weight: 400;\">Art 11 : CESSION DE DROIT \u00c0 L\u2019IMAGE POUR LA COUVERTURE PHOTOGRAPHIQUE ET AUDIOVISUELLE :\u00a0<\/span><\/p>\n<p><span style=\"font-weight: 400;\">Du fait de son engagement, le concurrent autorise express\u00e9ment l\u2019organisation de l\u2019Aiguilles trail des neiges\u00a0 \u00e0 utiliser, divulguer, publier, diffuser ou exploiter les prises de vue r\u00e9alis\u00e9es lors de l\u2019\u00e9v\u00e9nement.\u00a0<\/span><\/p>\n<p><span style=\"font-weight: 400;\">\u00a0<\/span><\/p>\n<p><span style=\"font-weight: 400;\">Art 12 : R\u00c9COMPENSES :\u00a0<\/span><\/p>\n<p><span style=\"font-weight: 400;\">\u00a0Courses de la premi\u00e8re \u00e9dition du trail des Aiguilles :\u00a0<\/span><\/p>\n<ul>\n<li style=\"font-weight: 400;\" aria-level=\"1\"><span style=\"font-weight: 400;\">Parcours de la Vauclusette : R\u00e9compenses aux vainqueurs 3 premiers scratch hommes \/ Femme<\/span><\/li>\n<li style=\"font-weight: 400;\" aria-level=\"1\"><span style=\"font-weight: 400;\">Parcours du Vaucluse: R\u00e9compenses aux vainqueurs 3 premiers scratch hommes et 3 premi\u00e8res scratch femmes<\/span><\/li>\n<\/ul>\n<p><span style=\"font-weight: 400;\">\u00a0<\/span><\/p>\n<p><span style=\"font-weight: 400;\">Art 13 : MISES HORS COURSE :\u00a0<\/span><\/p>\n<p><span style=\"font-weight: 400;\">Les concurrents seront \u00e9limin\u00e9s pour cause de :\u00a0<\/span><\/p>\n<p><span style=\"font-weight: 400;\">\u2013 Absence de dossard\u00a0<\/span><\/p>\n<p><span style=\"font-weight: 400;\">\u2013 Falsification de dossard\u00a0<\/span><\/p>\n<p><span style=\"font-weight: 400;\">\u2013 Retard au d\u00e9part de la comp\u00e9tition\u00a0<\/span><\/p>\n<p><span style=\"font-weight: 400;\">\u2013 Absence de l\u2019\u00e9quipement obligatoire\u00a0<\/span><\/p>\n<p><span style=\"font-weight: 400;\">\u2013 Non pointage aux postes de contr\u00f4les\u00a0<\/span><\/p>\n<p><span style=\"font-weight: 400;\">\u2013 Pollution\u00a0 ou d\u00e9gradation des sites travers\u00e9s (couper les sentiers, jets de d\u00e9tritus)\u00a0<\/span><\/p>\n<p><span style=\"font-weight: 400;\">\u2013 Refus de se faire examiner par un m\u00e9decin\u00a0<\/span><\/p>\n<p><span style=\"font-weight: 400;\">\u00a0Vous allez parcourir des milieux naturels magnifiques et pr\u00e9serv\u00e9s mais aussi tr\u00e8s fragiles, nous vous demandons de ne pas couper les sentiers, de ne pas jeter de d\u00e9tritus sous peine de disqualification.\u00a0<\/span><\/p>\n<p><span style=\"font-weight: 400;\">\u00a0<\/span><\/p>\n<p><span style=\"font-weight: 400;\">Art 14 : CONDITIONS G\u00c9N\u00c9RALES Tous les concurrents s\u2019engagent \u00e0 se soumettre aux r\u00e8gles sp\u00e9cifiques de l\u2019\u00e9preuve par le seul fait de leur inscription et \u00e0 se conformer aux pr\u00e9conisations de s\u00e9curit\u00e9 et \u00e0 toutes consignes donn\u00e9es par la direction de course.<\/span><\/p>\n<p><span style=\"font-weight: 400;\">\u00a0<\/span><\/p>\n<p><span style=\"font-weight: 400;\">\u00a0Art 15 : ASSURANCE Responsabilit\u00e9 civile : les organisateurs sont couverts par une police souscrite aupr\u00e8s d\u2019Allianz police d\u2019assurance N\u00b0 60162925. Individuelle accident : les licenci\u00e9s b\u00e9n\u00e9ficient des garanties accord\u00e9s par l\u2019assurance li\u00e9e \u00e0 leur licence, il incombe aux autres participants de s\u2019assurer personnellement.\u00a0<\/span><\/p>\n<p><span style=\"font-weight: 400;\">\u00a0<\/span><\/p>\n<p><span style=\"font-weight: 400;\">Art 16 : ANNULATION :\u00a0<\/span><\/p>\n<ol>\n<li style=\"font-weight: 400;\" aria-level=\"1\"><span style=\"font-weight: 400;\">Pour l\u2019organisateur : Aucun remboursement ne sera effectu\u00e9, seul un avoir pour la prochaine \u00e9dition sera propos\u00e9 par l\u2019organisation.\u00a0<\/span><\/li>\n<li style=\"font-weight: 400;\" aria-level=\"1\"><span style=\"font-weight: 400;\">Pour le comp\u00e9titeur : Toute personne ne pouvant participer \u00e0 la course pour des raisons m\u00e9dicales (sur pr\u00e9sentation d\u2019un certificat m\u00e9dical) et le signalant avant le 15 Janvier 2025 sera rembours\u00e9 du montant engag\u00e9 moins 5 euros de frais. Toute personne ne pouvant participer \u00e0 la course pour des raisons m\u00e9dicales (sur pr\u00e9sentation d\u2019un certificat m\u00e9dical) et le signalant avant le 15 F\u00e9vrier 2025 sera rembours\u00e9 de 50% du montant engag\u00e9 moins 5 euros de frais. Pass\u00e9 le 25 F\u00e9vrier 2025, aucun remboursement ne sera possible.<\/span><\/li>\n<\/ol>\n<p><span style=\"font-weight: 400;\">\u00a0<\/span><\/p>\n<p><span style=\"font-weight: 400;\">Art 17 : ABANDON :<\/span><\/p>\n<p><span style=\"font-weight: 400;\">En cas d\u2019abandon, le concurrent doit obligatoirement pr\u00e9venir le responsable du poste de contr\u00f4le le plus proche et lui remettre son dossard.\u00a0<\/span><\/p>\n<p><span style=\"font-weight: 400;\">\u00a0<\/span><\/p>\n<p><span style=\"font-weight: 400;\">Art 18 : SOLIDARIT\u00c9 et NON-ASSISTANCE \u00c0 PERSONNE EN P\u00c9RIL Les concurrents se doivent assistance et entraide. Code P\u00e9nal article 223-6\u00a0<\/span><\/p>\n<p><span style=\"font-weight: 400;\">\u00a0<\/span><\/p>\n<p><span style=\"font-weight: 400;\">Art 19: RAVITAILLEMENT\u00a0<\/span><\/p>\n<p><span style=\"font-weight: 400;\">Il y aura 1 ravitaillements sur les deux parcours, situ\u00e9 \u00e0 la mi-course.<\/span><\/p>\n<p><span style=\"font-weight: 400;\">\u00a0<\/span><\/p>\n<p><span style=\"font-weight: 400;\">Art 20 : CONTR\u00d4LE ANTI-DOPAGE\u00a0<\/span><\/p>\n<p><span style=\"font-weight: 400;\">Tous participants peuvent \u00eatre soumis \u00e0 un contr\u00f4le inopin\u00e9. Les contr\u00f4les sont r\u00e9alis\u00e9s par des personnes habilit\u00e9es par l\u2019agence fran\u00e7aise de lutte contre le dopage. Un sportif qui ne veut pas se pr\u00e9senter au contr\u00f4le est consid\u00e9r\u00e9 comme \u00e9tant positif.\u00a0<\/span><\/p>\n<p><span style=\"font-weight: 400;\">\u00a0<\/span><\/p>\n<p><span style=\"font-weight: 400;\">Art 21 : R\u00c9CLAMATIONS\u00a0<\/span><\/p>\n<p><span style=\"font-weight: 400;\">Toute personne souhaitant porter une r\u00e9clamation devra le faire oralement aupr\u00e8s du 1er poste de contr\u00f4le rencontr\u00e9 et par \u00e9crit \u00e0 l\u2019arriv\u00e9e aupr\u00e8s du directeur de course. Les \u00e9ventuelles r\u00e9clamations devront \u00eatre port\u00e9es par \u00e9crit \u00e0 la connaissance des organisateurs dans un d\u00e9lai d\u2019une heure apr\u00e8s l\u2019arriv\u00e9e du coureur concern\u00e9. Le jury se compose de :<\/span><\/p>\n<ul>\n<li style=\"font-weight: 400;\" aria-level=\"1\"><span style=\"font-weight: 400;\">Le Maire de la Ville de R\u00e9allon ou son repr\u00e9sentant.\u00a0<\/span><\/li>\n<\/ul>\n<ul>\n<li style=\"font-weight: 400;\" aria-level=\"1\"><span style=\"font-weight: 400;\">Le pr\u00e9sident de Wos-Events\u00a0<\/span><\/li>\n<\/ul>\n<ul>\n<li style=\"font-weight: 400;\" aria-level=\"1\"><span style=\"font-weight: 400;\">Directeur d\u2019exploitation de R\u00e9allon ou son repr\u00e9sentant.\u00a0\u00a0<\/span><\/li>\n<\/ul>\n<p><span style=\"font-weight: 400;\">Un membre d\u00e9sign\u00e9 du Comit\u00e9 d\u2019organisation<\/span><\/p>\n","protected":false},"excerpt":{"rendered":"<p>\u00a0 Art 1 : ORGANISATEUR : \u00a0L\u2019association Wos-events, organise le samedi 1 Mars 2025 la cinqui\u00e8me \u00e9dition de L\u2019aiguilles Trail des neiges Art 2 : CONDITIONS D\u2019ADMISSION\u00a0 Les cat\u00e9gories :\u00a0<a class=\"read-more\" href=\"https:\/\/aiguillestraildesneiges.fr\/?page_id=194\">Lire la Suite <\/a><\/p>\n","protected":false},"author":2,"featured_media":0,"parent":0,"menu_order":0,"comment_status":"closed","ping_status":"closed","template":"","meta":{"footnotes":""},"class_list":["post-194","page","type-page","status-publish","hentry"],"_links":{"self":[{"href":"https:\/\/aiguillestraildesneiges.fr\/index.php?rest_route=\/wp\/v2\/pages\/194","targetHints":{"allow":["GET"]}}],"collection":[{"href":"https:\/\/aiguillestraildesneiges.fr\/index.php?rest_route=\/wp\/v2\/pages"}],"about":[{"href":"https:\/\/aiguillestraildesneiges.fr\/index.php?rest_route=\/wp\/v2\/types\/page"}],"author":[{"embeddable":true,"href":"https:\/\/aiguillestraildesneiges.fr\/index.php?rest_route=\/wp\/v2\/users\/2"}],"replies":[{"embeddable":true,"href":"https:\/\/aiguillestraildesneiges.fr\/index.php?rest_route=%2Fwp%2Fv2%2Fcomments&post=194"}],"version-history":[{"count":1,"href":"https:\/\/aiguillestraildesneiges.fr\/index.php?rest_route=\/wp\/v2\/pages\/194\/revisions"}],"predecessor-version":[{"id":2075,"href":"https:\/\/aiguillestraildesneiges.fr\/index.php?rest_route=\/wp\/v2\/pages\/194\/revisions\/2075"}],"wp:attachment":[{"href":"https:\/\/aiguillestraildesneiges.fr\/index.php?rest_route=%2Fwp%2Fv2%2Fmedia&parent=194"}],"curies":[{"name":"wp","href":"https:\/\/api.w.org\/{rel}","templated":true}]}}