{"id":1288,"date":"2019-06-25T06:21:42","date_gmt":"2019-06-25T05:21:42","guid":{"rendered":"https:\/\/aiguillestraildesneiges.fr\/?page_id=1288"},"modified":"2025-03-06T12:39:55","modified_gmt":"2025-03-06T11:39:55","slug":"resultats-2019","status":"publish","type":"page","link":"https:\/\/aiguillestraildesneiges.fr\/?page_id=1288","title":{"rendered":"R\u00e9sultats"},"content":{"rendered":"\n<p style=\"text-align: center;\">Un grand bravo \u00e0 tous les coureurs ! Vous \u00eates de vrais champions !&nbsp;&nbsp;<\/p>\n<p style=\"text-align: center;\">Vous pouvez consulter les r\u00e9sultats des deux derni\u00e8res \u00e9ditions&nbsp; sur le site de notre partenaire chronom\u00e9trage&nbsp; :<\/p>\n<p style=\"text-align: center;\"><a href=\"https:\/\/chronospheres.fr\/evenements\/detail\/Aiguilles-Trail-de-Serre-Poncon-346\" target=\"_blank\" rel=\"noopener noreferrer\"><img decoding=\"async\" src=\"https:\/\/chronospheres.fr\/assets\/uploads\/images\/c844a-chronospheres-2018-site-web.png\" alt=\"\"><\/a><\/p>\n<p style=\"text-align: center;\"><span style=\"color: #000000;\"><a style=\"color: #000000;\" href=\"https:\/\/genialp.com\/evenements\/Trail-des-neiges-nocturne-Reallon\/2019\" target=\"_blank\" rel=\"noopener noreferrer\">R\u00e9sultats 2019&nbsp;<\/a><\/span><\/p>\n<p style=\"text-align: center;\"><span style=\"color: #000000;\"><a style=\"color: #000000;\" href=\"https:\/\/genialp.com\/evenements\/Trail-des-neiges-nocturne-Reallon\/2020\">R\u00e9sultats 2020<\/a><\/span><\/p>\n<p style=\"text-align: center;\"><a href=\"https:\/\/chronospheres.fr\/evenements\/detail\/Aiguilles-Trail-des-Neiges-2023-845\">R\u00e9sultats 2023<\/a><\/p>\n<p style=\"text-align: center;\"><span style=\"color: #000000;\"><a style=\"color: #000000;\" href=\"https:\/\/genialp.com\/evenements\/Trail-des-neiges-nocturne-Reallon\/2020\">R\u00e9sultats 2024<\/a><\/span><\/p>\n<p style=\"text-align: center;\"><a href=\"https:\/\/chronospheres.fr\/evenements\/detail\/Aiguilles-Trail-des-Neiges-2025-1117\"><span style=\"color: #000000;\">R\u00e9sultats 2025<\/span><\/a><\/p>\n<p>&nbsp;<\/p>\n<p>&nbsp;<\/p>\n\n\n\n\n","protected":false},"excerpt":{"rendered":"<p>Un grand bravo \u00e0 tous les coureurs ! Vous \u00eates de vrais champions !&nbsp;&nbsp; Vous pouvez consulter les r\u00e9sultats des deux derni\u00e8res \u00e9ditions&nbsp; sur le site de notre partenaire chronom\u00e9trage&nbsp;<a class=\"read-more\" href=\"https:\/\/aiguillestraildesneiges.fr\/?page_id=1288\">Lire la Suite <\/a><\/p>\n","protected":false},"author":3,"featured_media":0,"parent":0,"menu_order":0,"comment_status":"closed","ping_status":"closed","template":"","meta":{"footnotes":""},"class_list":["post-1288","page","type-page","status-publish","hentry"],"_links":{"self":[{"href":"https:\/\/aiguillestraildesneiges.fr\/index.php?rest_route=\/wp\/v2\/pages\/1288","targetHints":{"allow":["GET"]}}],"collection":[{"href":"https:\/\/aiguillestraildesneiges.fr\/index.php?rest_route=\/wp\/v2\/pages"}],"about":[{"href":"https:\/\/aiguillestraildesneiges.fr\/index.php?rest_route=\/wp\/v2\/types\/page"}],"author":[{"embeddable":true,"href":"https:\/\/aiguillestraildesneiges.fr\/index.php?rest_route=\/wp\/v2\/users\/3"}],"replies":[{"embeddable":true,"href":"https:\/\/aiguillestraildesneiges.fr\/index.php?rest_route=%2Fwp%2Fv2%2Fcomments&post=1288"}],"version-history":[{"count":6,"href":"https:\/\/aiguillestraildesneiges.fr\/index.php?rest_route=\/wp\/v2\/pages\/1288\/revisions"}],"predecessor-version":[{"id":2315,"href":"https:\/\/aiguillestraildesneiges.fr\/index.php?rest_route=\/wp\/v2\/pages\/1288\/revisions\/2315"}],"wp:attachment":[{"href":"https:\/\/aiguillestraildesneiges.fr\/index.php?rest_route=%2Fwp%2Fv2%2Fmedia&parent=1288"}],"curies":[{"name":"wp","href":"https:\/\/api.w.org\/{rel}","templated":true}]}}

Résultats

<p style="text-align: center;">Un grand bravo à tous les coureurs ! Vous êtes de vrais champions !&nbsp;&nbsp;</p>
<p style="text-align: center;">Vous pouvez consulter les résultats des deux dernières éditions&nbsp; sur le site de notre partenaire chronométrage&nbsp; :</p>
<p style="text-align: center;"><a href="https://chronospheres.fr/evenements/detail/Aiguilles-Trail-de-Serre-Poncon-346" target="_blank" rel="noopener noreferrer"><img decoding="async" src="https://chronospheres.fr/assets/uploads/images/c844a-chronospheres-2018-site-web.png" alt=""></a></p>
<p style="text-align: center;"><span style="color: #000000;"><a style="color: #000000;" href="https://genialp.com/evenements/Trail-des-neiges-nocturne-Reallon/2019" target="_blank" rel="noopener noreferrer">Résultats 2019&nbsp;</a></span></p>
<p style="text-align: center;"><span style="color: #000000;"><a style="color: #000000;" href="https://genialp.com/evenements/Trail-des-neiges-nocturne-Reallon/2020">Résultats 2020</a></span></p>
<p style="text-align: center;"><a href="https://chronospheres.fr/evenements/detail/Aiguilles-Trail-des-Neiges-2023-845">Résultats 2023</a></p>
<p style="text-align: center;"><span style="color: #000000;"><a style="color: #000000;" href="https://genialp.com/evenements/Trail-des-neiges-nocturne-Reallon/2020">Résultats 2024</a></span></p>
<p style="text-align: center;"><a href="https://chronospheres.fr/evenements/detail/Aiguilles-Trail-des-Neiges-2025-1117"><span style="color: #000000;">Résultats 2025</span></a></p>
<p>&nbsp;</p>
<p>&nbsp;</p>

<p>Un grand bravo à tous les coureurs ! Vous êtes de vrais champions !&nbsp;&nbsp; Vous pouvez consulter les résultats des deux dernières éditions&nbsp; sur le site de notre partenaire chronométrage&nbsp;<a class="read-more" href="https://aiguillestraildesneiges.fr/?page_id=1288">Lire la Suite </a></p>
